 p?
6
Let p be (-8)/12 + 11/3. Calculate the greatest common divisor of 1 and p.
1
Let u be 70/2 + (-3 - -1). Let o(x) = 3*x**2 - x. Let v be o(1). Suppose -3*z + 2*t = -60, -z + 9 + 7 = -v*t. What is the highest common divisor of z and u?
11
Let x = -5 + -2. Let b = x + 9. What is the greatest common factor of b and 4?
2
Let i(r) be the first derivative of r**4/4 - 2*r**3/3 + r**2/2 - 4*r - 6. Let o be i(3). What is the greatest common factor of o and 20?
4
Let x be (36/(-10))/((-3)/15). Suppose -60 = -2*p + p + 2*b, -p - b = -51. What is the highest common divisor of x and p?
18
Suppose -2*b + 111 = -v, -3*v = -0*b + b - 52. What is the highest common divisor of b and 22?
11
Let u = 14 + 34. Let p = -12 + 44. Calculate the greatest common factor of u and p.
16
Let g = -41 - -93. Let r = g - 27. Let t = -16 + r. What is the greatest common factor of 9 and t?
9
Let b be (-7)/(-35) + (-9)/(-5). Let x = -38 + 86. Suppose -b*g = -x + 6. Calculate the greatest common divisor of 14 and g.
7
Let r = -19 - -31. What is the highest common divisor of r and 132?
12
Let x be -1 + 4 - (-3 - 0). Let b(m) = 2*m**2 + 5*m - 7. Let j be b(x). What is the greatest common factor of j and 19?
19
Let n be 3/(51/2) + (-10332)/(-612). Calculate the greatest common divisor of n and 68.
17
Let r be (4 - 1) + (-8 - -17). Suppose -w - 175 = -5*h - 0, 4*h - 159 = -3*w. Calculate the greatest common factor of r and h.
12
Suppose -5*q = -487 + 7. Suppose 0 = -0*y - 5*y. Suppose 0 = 2*z + 2*t - 28, -3*z + y*t + 2*t + 32 = 0. What is the greatest common factor of z and q?
12
Let q = 29 - 3. What is the greatest common divisor of 65 and q?
13
Suppose 5*p + 71 = x + 3*x, 5*p = 25. Let n be (82 + -2)*(-3)/(-2). What is the greatest common divisor of x and n?
24
Let k = 29 - 20. What is the highest common factor of 63 and k?
9
Let u be -3 - 1 - (-97 + 9). Let k = -13 - -25. Calculate the highest common factor of k and u.
12
Let n(r) = -r**3 - 10*r**2 - r - 10. Let q be n(-10). Suppose -4*p + 27 + 21 = q. What is the greatest common factor of 48 and p?
12
Let q(p) = 4*p - 1. Let h be q(2). What is the highest common divisor of h and 56?
7
Let n = 41 + -5. Calculate the highest common factor of n and 24.
12
Let b be -4 + 3 + -2 - -67. What is the greatest common factor of b and 8?
8
Let t(r) = -29*r - 3. Let m = -17 + 38. Let a(g) = -117*g - 12. Let l(c) = m*t(c) - 5*a(c). Let z be l(-2). Calculate the greatest common divisor of 18 and z.
9
Suppose 5*o = -466 + 1321. Calculate the highest common factor of 19 and o.
19
Suppose 0 = -4*m + 3*r + 337, -4*m - 6*r + 332 = -10*r. What is the highest common factor of m and 8?
8
Let s = 58 - 2. Let t be (-15)/10*s/(-3). What is the greatest common divisor of t and 42?
14
Suppose -g - 2*n = 2*g - 20, g + 3*n = 16. Let f be (-56 + 1)*(g + -5). Calculate the highest common divisor of f and 5.
5
Let m = -25 + 55. What is the highest common divisor of m and 45?
15
Suppose 7*b = 25 + 3. Calculate the highest common factor of 28 and b.
4
Let s be 4 + (2 + -3)*-2. What is the highest common factor of 24 and s?
6
Let m(x) = 3 + x + x + 5 - 1. Let i be m(6). Suppose 4*j = 26 + 50. What is the greatest common divisor of j and i?
19
Suppose 0 = -n + 4, 2*d - 5*d = n - 52. What is the highest common factor of d and 24?
8
Let u(f) = 0*f + 2 + 3 - 3*f. Let l be u(-10). Calculate the greatest common divisor of 7 and l.
7
Let w be (-1)/2*(-8 + 4). Suppose q = -w*q + 3. Calculate the highest common factor of q and 8.
1
Let y = 19 - 28. Let p = y - -17. What is the greatest common divisor of p and 8?
8
Let m(w) = 7*w**2 + w - 2. Let v be m(2). Suppose -5*u = 3*g - 8*g - 195, -4*u + 3*g = -159. Calculate the greatest common divisor of u and v.
14
Suppose 4*m = -4*l + 16, -3*m + 11 = 2*l - 3. What is the highest common factor of 42 and m?
6
Let p = -20 - -35. Suppose -22 = -3*t + 23. Calculate the highest common divisor of t and p.
15
Let l = -113 + 245. Let u(h) = -h**2 + 8*h - 3. Let t be u(5). Let s = 24 - t. What is the greatest common factor of l and s?
12
Let v be (-1 + 2)/((-19)/(-247)). What is the greatest common divisor of v and 65?
13
Let f be 2 + 0 - (-4)/2. Suppose 70 = f*x - 74. Calculate the greatest common factor of 9 and x.
9
Let c = 11 - 8. Suppose -11 + 50 = c*q. What is the greatest common factor of 13 and q?
13
Let v be 16/(-28) - (1 - (-137)/(-7)). Calculate the greatest common factor of v and 72.
18
Let b be (37 - 4/2) + -2. Let y(m) = m**3 + m + 36. Let t be y(0). Let p = t + -14. Calculate the greatest common factor of p and b.
11
Suppose -b + 3 = -0. Suppose -b - 3 = -3*x. Suppose -x*t = -7 - 13. What is the greatest common factor of t and 40?
10
Suppose 6*f = 4*f + 6. What is the greatest common factor of 9 and f?
3
Suppose 0*v - 2*v = -4. Let p(t) = -t + 7. Let x be p(5). Let b = x - 0. What is the greatest common factor of v and b?
2
Suppose -66 = -3*m - 3*r, 38 = 5*m - 4*r - 54. Calculate the greatest common divisor of m and 50.
10
Let i(r) = 8*r - 3. Let w be i(3). Suppose -5*c + w = -54. Suppose l - z - 4 = -2*z, l + 2*z - 5 = 0. Calculate the greatest common factor of l and c.
3
Let u(w) be the third derivative of 0 + 2*w**2 + 1/24*w**4 + w**3 + 0*w. Let t be u(0). Calculate the highest common divisor of 66 and t.
6
Let i = 22 - 13. Suppose -14 = -u - u - 4*o, 2*o - 3 = 3*u. What is the greatest common divisor of u and i?
1
Suppose 6*a - a + 1140 = 0. Let d = a - -360. Calculate the greatest common divisor of d and 12.
12
Let x = 28 - 10. Calculate the highest common divisor of 2 and x.
2
Suppose 0*u - 4*u - 4 = -3*a, 3*u - 22 = -4*a. Suppose -6*z + 3*z + 21 = 0. Let s = -1 + z. What is the greatest common divisor of s and u?
2
Suppose -41 = -l - 9. Let y(t) = t**3 - 9*t**2 - 4*t - 12. Let s be y(10). What is the greatest common factor of l and s?
16
Let d = -100 - -195. Calculate the highest common factor of 57 and d.
19
Let m(r) = -5*r - 10. Let c be m(-7). Calculate the greatest common factor of c and 275.
25
Suppose 7*j = -13*j + 5880. Calculate the greatest common factor of j and 42.
42
Let w be (-5 - -6)/(3/6). What is the greatest common divisor of w and 16?
2
Suppose -4 = 2*y + 4, -2*y = 5*t - 22. Let m = -5 + t. Calculate the highest common factor of m and 8.
1
Suppose v = 4*v - 57. Let c = v + -10. Calculate the highest common divisor of c and 3.
3
Suppose 3*h = 2*y + 169, -3*h - 5*y = -103 - 31. Calculate the greatest common factor of 371 and h.
53
Let x be 224/35*(165/2)/3. What is the greatest common factor of x and 16?
16
Suppose l + 2*q = -q - 31, 193 = -5*l + 4*q. Let f = l - -73. What is the highest common factor of 24 and f?
12
Let m be 864/45 - 2/10. Calculate the greatest common divisor of m and 171.
19
Suppose -69 = -5*p + 4*t + 151, -t = 4*p - 155. What is the greatest common divisor of 30 and p?
10
Suppose 3*f + 0*q - 25 = -2*q, -26 = -4*f + q. Let i(z) = -3 - 1 + f + z. Let s be i(9). What is the highest common factor of s and 12?
12
Let u be (20/(-1))/(3 + 35/(-7)). Calculate the greatest common factor of 25 and u.
5
Suppose 10 = 2*d - 68. Calculate the highest common factor of d and 13.
13
Suppose 6*k = 3*k + 306. What is the greatest common divisor of 17 and k?
17
Let f be 290/(-10)*(-5)/1. Calculate the greatest common divisor of 29 and f.
29
Let c(k) = -k. Let p be c(4). Let q be 2/p + 30/4. What is the highest common factor of 63 and q?
7
Let c be (-15)/4 + 1/(-4). Let a = 13 + c. What is the greatest common divisor of a and 1?
1
Let k = 3 - 11. Let n = k + 56. Suppose -2*x - 3*s + s + 20 = 0, -4*x = -4*s - n. What is the highest common divisor of x and 99?
11
Suppose -2*i = -5*i + 9. Let v be (i/3 - 0) + 2. Let l be (v/(-1))/(1/(-7)). What is the greatest common divisor of l and 168?
21
Let o = 54 - 0. What is the highest common factor of 486 and o?
54
Let k be (-8 - -2)/((-3)/3). Suppose l - k - 2 = 0. Calculate the highest common factor of l and 40.
8
Suppose -4*d - 2*o = -20 - 30, 2*o + 20 = 3*d. Let j(x) = -x**3 + 24*x**2 - 42*x - 4. Let r be j(22). Calculate the highest common factor of r and d.
10
Let z = -21 + 13. Let x be 24 - (-3 + -1 - z). Calculate the greatest common factor of 80 and x.
20
Let z(v) = 3*v**2 + 6*v - 3. Let f be z(4). What is the highest common factor of f and 46?
2